 - 0?
a72
In base 5, what is -1424 - 3?
-1432
In base 11, what is 0 - a64?
-a64
In base 3, what is -20 + 1211?
1121
In base 6, what is -1412 + 0?
-1412
In base 13, what is -51c - 0?
-51c
In base 10, what is 2 + 29?
31
In base 11, what is 15 - 88?
-73
In base 16, what is -1 + 146?
145
In base 6, what is 11211 + -4?
11203
In base 7, what is 25 + 1161?
1216
In base 10, what is -126 + -11?
-137
In base 12, what is 10 - 1a?
-a
In base 16, what is -ff + 2b?
-d4
In base 8, what is 1001 + -2?
777
In base 11, what is 82 - -5?
87
In base 2, what is 10 - -10011000101?
10011000111
In base 3, what is -122 - -12101?
11202
In base 2, what is -101 + 101010?
100101
In base 13, what is 21 + -16?
8
In base 14, what is 3 - -15c?
161
In base 16, what is -1cf + 3?
-1cc
In base 3, what is -10021221 - -1?
-10021220
In base 15, what is 140 - 0?
140
In base 7, what is 2 - -425?
430
In base 16, what is -1 + -b86?
-b87
In base 15, what is e - -b6?
c5
In base 13, what is 12 - -7c?
91
In base 6, what is 1 - 10?
-5
In base 3, what is 0 + 12202?
12202
In base 9, what is 1 - -1563?
1564
In base 6, what is -513 + -21?
-534
In base 3, what is 1 - -211110?
211111
In base 5, what is -2320 - -2?
-2313
In base 16, what is -3 - -8?
5
In base 2, what is -10010111110011 + -10?
-10010111110101
In base 8, what is -5 + -71?
-76
In base 3, what is 212102 + -20?
212012
In base 10, what is -37 + 8?
-29
In base 9, what is 8 - -3?
12
In base 3, what is 102 - 11?
21
In base 7, what is 162 + -146?
13
In base 11, what is 0 + -322?
-322
In base 5, what is -141 + -124?
-320
In base 8, what is -5126 + -5?
-5133
In base 4, what is -23 - -200?
111
In base 9, what is 13 + 13?
26
In base 6, what is 1030 + 3?
1033
In base 10, what is 5 - 84?
-79
In base 10, what is 6 + -29?
-23
In base 11, what is 1 - -79?
7a
In base 10, what is -4 - 5?
-9
In base 15, what is -5 - -3b?
36
In base 12, what is 1 - 0?
1
In base 6, what is -2120 - 1?
-2121
In base 4, what is 120 + -2?
112
In base 3, what is 211201 - 0?
211201
In base 4, what is 11 - -1203?
1220
In base 14, what is a8c + 3?
a91
In base 11, what is -11 + 19?
8
In base 2, what is 10 - 100010?
-100000
In base 4, what is -1 - 22?
-23
In base 15, what is 115 - 3?
112
In base 7, what is -5 - 3141?
-3146
In base 2, what is 10000 - 101101?
-11101
In base 15, what is 46e + 2?
471
In base 11, what is 4 - -18?
21
In base 4, what is -30 - -1?
-23
In base 11, what is 2 - -398?
39a
In base 12, what is 1 - a40?
-a3b
In base 15, what is 406 - 1?
405
In base 12, what is 6a1 - 1?
6a0
In base 5, what is 4 - 1213?
-1204
In base 13, what is -82 + -3?
-85
In base 15, what is 3d9 - -3?
3dc
In base 7, what is -130 - 13?
-143
In base 10, what is 456 - 2?
454
In base 12, what is -1 + 747?
746
In base 10, what is 13 + 9?
22
In base 14, what is -53 - -17?
-3a
In base 11, what is -4a - aa?
-149
In base 5, what is 13 + 111?
124
In base 13, what is -1ba + 8?
-1b2
In base 10, what is -145 - -2?
-143
In base 2, what is 101111100011 + -110?
101111011101
In base 8, what is 3 + 1707?
1712
In base 5, what is -42403 - 4?
-42412
In base 8, what is -33 + 4?
-27
In base 11, what is 3 - 1157?
-1154
In base 12, what is 213 - 27?
1a8
In base 3, what is 10100 + 0?
10100
In base 11, what is -5 - -203a?
2035
In base 14, what is -9 - -1b?
12
In base 11, what is -19 + 17?
-2
In base 16, what is -2 - -40?
3e
In base 4, what is -232 + -123?
-1021
In base 6, what is -3412 - -20?
-3352
In base 14, what is -3 + 3c?
39
In base 14, what is 3 - -3bc?
3c1
In base 3, what is -2 + 10210121?
10210112
In base 9, what is -650 - 3?
-653
In base 3, what is 2200102 + 0?
2200102
In base 5, what is 142 - -21?
213
In base 9, what is 1 + 2832?
2833
In base 9, what is 3 + -257?
-254
In base 7, what is -2102 - -1?
-2101
In base 2, what is 100101111 - 11?
100101100
In base 9, what is 0 - -11?
11
In base 7, what is 104 + 5?
112
In base 4, what is -311 - 3?
-320
In base 14, what is 4 + -1d?
-19
In base 10, what is 3 - 24?
-21
In base 5, what is -20 + -20?
-40
In base 3, what is 1 - -10211?
10212
In base 5, what is 3 + -30141?
-30133
In base 9, what is -7 + -65?
-73
In base 5, what is -20241 + -4?
-20300
In base 15, what is -3 + a?
7
In base 14, what is 45 - a?
39
In base 16, what is -2 + 22?
20
In base 14, what is -dbb - 5?
-dc2
In base 8, what is 3364 + -1?
3363
In base 11, what is 16461 - 1?
16460
In base 16, what is -1 + -3c?
-3d
In base 15, what is -6 + 896?
890
In base 4, what is -12 + 2103?
2031
In base 14, what is -4 + -103?
-107
In base 15, what is -11 + -5?
-16
In base 10, what is 9 - -78?
87
In base 3, what is 101201022 + 10?
101201102
In base 15, what is -6 - 1b9?
-1c0
In base 9, what is 1 + -5544?
-5543
In base 6, what is 0 - 41143?
-41143
In base 6, what is -32 - 10140?
-10212
In base 13, what is -383 - -36?
-34a
In base 15, what is -3 + 2?
-1
In base 12, what is 5 + a6?
ab
In base 13, what is -56 - 5?
-5b
In base 11, what is 3a99 + 0?
3a99
In base 8, what is 31 - 5?
24
In base 6, what is -3054 - -24?
-3030
In base 6, what is -431 - -5?
-422
In base 6, what is -244 - 0?
-244
In base 15, what is -192 - -18?
-179
In base 15, what is -86 - b?
-92
In base 3, what is -11 + -2021021?
-2021102
In base 6, what is -1 + 141?
140
In base 11, what is -87a4 - -5?
-879a
In base 5, what is -1 - -33?
32
In base 4, what is 1113 + 2111?
3230
In base 15, what is -4 + 913?
90e
In base 16, what is -1 - -176?
175
In base 2, what is 1 - -111?
1000
In base 2, what is 11 - 101101000?
-101100101
In base 6, what is -21 - 105?
-130
In base 13, what is -17 + -33?
-4a
In base 15, what is -8e + 0?
-8e
In base 7, what is -1 - 6144?
-6145
In base 4, what is -2303022 - 0?
-2303022
In base 2, what is -101010000 + -11?
-101010011
In base 11, what is 4 - -302?
306
In base 8, what is 1 + 207?
210
In base 13, what is -59 - a?
-66
In base 10, what is 82 - -20?
102
In base 3, what is 11211112 + -10?
11211102
In base 3, what is 1 - -12012?
12020
In base 11, what is 91 - -3?
94
In base 11, what is -2 - 97?
-99
In base 10, what is -82 + 3?
-79
In base 8, what is -23115 - 2?
-23117
In base 4, what is 1 - 2223?
-2222
In base 14, what is -a0 - -4?
-9a
In base 9, what is -4 - -132?
127
In base 6, what is 0 - -21020?
21020
In base 14, what is -17 - -23?
a
In base 12, what is -4 - -858?
854
In base 11, what is -133 + -11?
-144
In base 15, what is 62a - -4?
62e
In base 5, what is 3 + -1140?
-1132
In base 15, what is -4 + 194?
190
In base 11, what is -5 - 807?
-811
In base 10, what is -4773 + -5?
-4778
In base 12, what is -162 + -17?
-179
In base 3, what is 100 + -102202?
-102102
In base 14, what is -3 + -1134?
-1137
In base 3, what is -11 - -10122?
10111
In base 3, what is -10 - -12022?
12012
In base 4, what is 2 + -223313?
-223311
In base 4, what is 10 + 3111?
3121
In base 16, what is -2 - f?
-11
In base 9, what is -60477 - -3?
-60474
In base 5, what is 21 - 33?
-12
In base 15, what is 3 + 259d?
25a1
In base 14, what is 498d - -3?
4992
In base 6, what is 1 - -250?
251
In base 2, what is 0 + 101111?
101111
In base 15, what is 3 - -2?
5
In base 8, what is 3525 + 2?
3527
In base 12, what is -88 + -2?
-8a
In base 2, what is -1101100 + -1000?
-1110100
In base 11, what is 3487 - -2?
3489
In base 15, what is -4e + -d7?
-136
In base 11, what is 2336 + 3?
2339
In base 4, what is 333 - -20?
1013
In base 6, what is 2030 - 2?
2024
In base 11, what is -3 + a?
7
In base 8, what is 4 - 162?
-156
In base 7, what is 2010 + 10?
2020
In base 14, what is 2 + 120?
122
In base 10, what is -3 - -96?
93
In base 7, what is 4402 + -1?
4401
In base 4, what is 3 - -11000?
11003
In base 11, what is 5 + -60?
-56
In base 15, what is 1bb + 7?
1c3
In base 10, what is -2 - -154?
152
In base 8, what is 11 - -4?
15
In base 9, what is -52 - 148?
-211
In base 15, what is 33 - -23?
56
In base 5, what is 413 + -2?
411
In base 10, what is 48 + 1?
49
In base 6, what is 21110 + 14?
21124
In base 16, what is -2fb - -5?
-2f6
In base 2, what is -10 + 1001011?
1001001
In base 10, what is 565 - 5?
560
In base 13, what is 1770 + 5?
1775
In base 7, what is 2012 - -2?
2014
In base 13, what is -1 - 1b90?
-1b91
In base 5, what is 11 + 43?
104
In base 16, what is 12c - 1f?
10d
In base 13, what is -c5 + -4?
-c9
In base 3, what is 10112 + -202?
2210
In base 7, what is -11 + -1354?
-1365
In base 10, what is 1 - -1833?
